
What are the prime factors of 20358?
2, 3, 13, 29
List the prime factors of 24903.
3, 2767
List the prime factors of 4528.
2, 283
List the prime factors of 19339.
83, 233
What are the prime factors of 246?
2, 3, 41
List the prime factors of 3789.
3, 421
What are the prime factors of 2544?
2, 3, 53
List the prime factors of 607.
607
What are the prime factors of 1733?
1733
List the prime factors of 1517.
37, 41
List the prime factors of 23264.
2, 727
What are the prime factors of 1118?
2, 13, 43
What are the prime factors of 120866?
2, 223, 271
List the prime factors of 15143.
19, 797
What are the prime factors of 647?
647
What are the prime factors of 2012?
2, 503
List the prime factors of 29518.
2, 14759
List the prime factors of 9368.
2, 1171
What are the prime factors of 43704?
2, 3, 607
What are the prime factors of 12390?
2, 3, 5, 7, 59
What are the prime factors of 1761?
3, 587
What are the prime factors of 2459?
2459
What are the prime factors of 12?
2, 3
List the prime factors of 132276.
2, 3, 73, 151
What are the prime factors of 49909?
29, 1721
List the prime factors of 3705.
3, 5, 13, 19
List the prime factors of 1568.
2, 7
What are the prime factors of 271?
271
List the prime factors of 30773.
30773
List the prime factors of 3096.
2, 3, 43
What are the prime factors of 5345?
5, 1069
List the prime factors of 571.
571
List the prime factors of 3217.
3217
What are the prime factors of 907?
907
List the prime factors of 6207.
3, 2069
List the prime factors of 3757.
13, 17
List the prime factors of 134835.
3, 5, 89, 101
List the prime factors of 410.
2, 5, 41
What are the prime factors of 13497?
3, 11, 409
List the prime factors of 4259.
4259
List the prime factors of 934.
2, 467
List the prime factors of 30326.
2, 59, 257
What are the prime factors of 3258?
2, 3, 181
What are the prime factors of 22153?
22153
List the prime factors of 20482.
2, 7, 11, 19
List the prime factors of 2193.
3, 17, 43
List the prime factors of 2270.
2, 5, 227
What are the prime factors of 459?
3, 17
List the prime factors of 32691.
3, 17, 641
What are the prime factors of 11109?
3, 7, 23
List the prime factors of 7011.
3, 19, 41
What are the prime factors of 5965?
5, 1193
List the prime factors of 8931.
3, 13, 229
What are the prime factors of 27501?
3, 89, 103
List the prime factors of 30128.
2, 7, 269
What are the prime factors of 16214?
2, 11, 67
What are the prime factors of 1607?
1607
List the prime factors of 816.
2, 3, 17
What are the prime factors of 16608?
2, 3, 173
List the prime factors of 7150.
2, 5, 11, 13
List the prime factors of 124384.
2, 13, 23
List the prime factors of 78634.
2, 39317
List the prime factors of 1254.
2, 3, 11, 19
List the prime factors of 1382.
2, 691
List the prime factors of 3540.
2, 3, 5, 59
What are the prime factors of 1588?
2, 397
What are the prime factors of 46637?
149, 313
What are the prime factors of 2986?
2, 1493
List the prime factors of 84371.
7, 17, 709
What are the prime factors of 48515?
5, 31, 313
List the prime factors of 3458.
2, 7, 13, 19
What are the prime factors of 73043?
73043
What are the prime factors of 26642?
2, 7, 11, 173
What are the prime factors of 4199?
13, 17, 19
What are the prime factors of 31070?
2, 5, 13, 239
List the prime factors of 991.
991
List the prime factors of 687.
3, 229
List the prime factors of 1215.
3, 5
What are the prime factors of 159313?
7, 11, 2069
What are the prime factors of 56474?
2, 11, 17, 151
What are the prime factors of 1646?
2, 823
List the prime factors of 16568.
2, 19, 109
List the prime factors of 1660.
2, 5, 83
What are the prime factors of 6744?
2, 3, 281
List the prime factors of 146.
2, 73
List the prime factors of 465.
3, 5, 31
List the prime factors of 1136.
2, 71
What are the prime factors of 301?
7, 43
List the prime factors of 958.
2, 479
List the prime factors of 2252.
2, 563
List the prime factors of 3435.
3, 5, 229
List the prime factors of 2240.
2, 5, 7
List the prime factors of 2617.
2617
What are the prime factors of 8224?
2, 257
What are the prime factors of 35458?
2, 17729
What are the prime factors of 3690?
2, 3, 5, 41
List the prime factors of 5091.
3, 1697
What are the prime factors of 28404?
2, 3, 263
List the prime factors of 2907.
3, 17, 19
List the prime factors of 3119.
3119
List the prime factors of 1547.
7, 13, 17
What are the prime factors of 1224?
2, 3, 17
List the prime factors of 721.
7, 103
List the prime factors of 31522.
2, 15761
List the prime factors of 6204.
2, 3, 11, 47
What are the prime factors of 15767?
15767
What are the prime factors of 125044?
2, 43, 727
What are the prime factors of 1716?
2, 3, 11, 13
What are the prime factors of 10900?
2, 5, 109
What are the prime factors of 3368?
2, 421
List the prime factors of 97028.
2, 127, 191
What are the prime factors of 27309?
3, 9103
List the prime factors of 14912.
2, 233
List the prime factors of 1870.
2, 5, 11, 17
List the prime factors of 8387.
8387
List the prime factors of 20896.
2, 653
List the prime factors of 99842.
2, 49921
List the prime factors of 73298.
2, 67, 547
What are the prime factors of 13512?
2, 3, 563
List the prime factors of 433.
433
What are the prime factors of 14185?
5, 2837
List the prime factors of 128.
2
List the prime factors of 702.
2, 3, 13
What are the prime factors of 17949?
3, 31, 193
What are the prime factors of 549?
3, 61
List the prime factors of 5304.
2, 3, 13, 17
List the prime factors of 28.
2, 7
List the prime factors of 3669.
3, 1223
What are the prime factors of 13?
13
List the prime factors of 1280.
2, 5
List the prime factors of 16881.
3, 17, 331
What are the prime factors of 56?
2, 7
What are the prime factors of 2663?
2663
List the prime factors of 3966.
2, 3, 661
List the prime factors of 408.
2, 3, 17
What are the prime factors of 9829?
9829
List the prime factors of 11387.
59, 193
List the prime factors of 3673.
3673
List the prime factors of 662.
2, 331
What are the prime factors of 6950?
2, 5, 139
List the prime factors of 2644.
2, 661
What are the prime factors of 1512?
2, 3, 7
What are the prime factors of 12430?
2, 5, 11, 113
What are the prime factors of 2482?
2, 17, 73
List the prime factors of 75618.
2, 3, 4201
List the prime factors of 16349.
16349
List the prime factors of 1035.
3, 5, 23
List the prime factors of 5421.
3, 13, 139
What are the prime factors of 841?
29
What are the prime factors of 14612?
2, 13, 281
List the prime factors of 61113.
3, 13, 1567
List the prime factors of 32408.
2, 4051
What are the prime factors of 1075?
5, 43
What are the prime factors of 42269?
43, 983
List the prime factors of 47473.
29, 1637
List the prime factors of 20530.
2, 5, 2053
List the prime factors of 5163.
3, 1721
What are the prime factors of 243?
3
What are the prime factors of 915?
3, 5, 61
List the prime factors of 470.
2, 5, 47
What are the prime factors of 2818?
2, 1409
List the prime factors of 1770.
2, 3, 5, 59
List the prime factors of 1716.
2, 3, 11, 13
What are the prime factors of 34772?
2, 8693
List the prime factors of 12585.
3, 5, 839
List the prime factors of 9624.
2, 3, 401
List the prime factors of 42721.
7, 17, 359
List the prime factors of 27000.
2, 3, 5
What are the prime factors of 56380?
2, 5, 2819
What are the prime factors of 10275?
3, 5, 137
List the prime factors of 26115.
3, 5, 1741
What are the prime factors of 881?
881
What are the prime factors of 616?
2, 7, 11
What are the prime factors of 7720?
2, 5, 193
List the prime factors of 88715.
5, 11, 1613
What are the prime factors of 1242?
2, 3, 23
What are the prime factors of 141?
3, 47
What are the prime factors of 37284?
2, 3, 13, 239
List the prime factors of 613.
613
What are the prime factors of 26046?
2, 3, 1447
List the prime factors of 736.
2, 23
What are the prime factors of 43109?
11, 3919
List the prime factors of 4664.
2, 11, 53
What are the prime factors of 147?
3, 7
List the prime factors of 8504.
2, 1063
What are the prime factors of 1209?
3, 13, 31
List the prime factors of 130344.
2, 3, 5431
What are the prime factors of 83?
83
List the prime factors of 2179.
2179
List the prime factors of 2160.
2, 3, 5
What are the prime factors of 7807?
37, 211
List the prime factors of 68794.
2, 11, 53, 59
What are the prim